-1105 = -5*i - 2*m. Let v = 246 - i. What are the prime factors of v?
5
Let j(d) = -3*d + 7. Let r be 4/(-6) - 1/((-6)/4). Let u be j(r). What are the prime factors of (-1 - (-1 - -1))/(u/(-203))?
29
Suppose 31743 = 3*s - 3659*k + 3656*k, 2*s - 3*k = 21157. What are the prime factors of s?
2, 67, 79
List the prime factors of (5701 - 45)*(2 - 1).
2, 7, 101
Let c(f) = -f**2 - 11*f**2 - f**3 + 13*f - 1 - 1 + 0. Let b be c(-13). What are the prime factors of ((-2)/b - -2) + -4 + 83?
2, 41
What are the prime factors of ((-494)/38 + 12)/(2/(-67866))?
3, 11311
List the prime factors of 715/39*9*10/6.
5, 11
Suppose -3*z + 14 - 2 = 0. Suppose 5*l - l + z*m = 116, 0 = 2*m - 8. Suppose 4*r - 15 = l. List the prime factors of r.
2, 5
Suppose -1766 = -4*r + 3*r + 3*q, r + 5*q = 1758. List the prime factors of r.
41, 43
Suppose -3*s = s - 2*t + 2958, 5*s = -5*t - 3720. Let z = 453 - s. What are the prime factors of z?
2, 3, 199
Let m = 12827 - 6595. List the prime factors of m.
2, 19, 41
Let v = -58 + 62. Suppose -4*u + 5*h = -394, -v*h + 6*h - 4 = 0. What are the prime factors of u?
101
List the prime factors of (-9185)/(-3) + (-96)/144.
3061
Suppose -4030 = -18*w - 250. Let k = 547 + w. What are the prime factors of k?
757
Let a be (918/(-68))/((-500)/(-168) - 3). Let q(t) = t**2 + 5*t - 1. Let u be q(-6). Suppose m - 109 = -g, g + a - 4 = u*m. List the prime factors of m.
2, 7
Let g(u) = 26227*u**2 + 12*u + 15. What are the prime factors of g(-1)?
2, 5, 43, 61
Let q = -2206 + 11001. List the prime factors of q.
5, 1759
Let l = -647 - -642. List the prime factors of (-2277)/l - (1 + (-33)/55).
5, 7, 13
Let g be 6/(-81) - (-108010)/135. Suppose g + 2745 = 5*t. What are the prime factors of t?
709
Let m(j) = 2*j**3 + 17*j**2 + 6*j - 9. Suppose 7*d + 42 + 14 = 0. What are the prime factors of m(d)?
7
Let g = -15341 - -31635. List the prime factors of g.
2, 8147
Suppose 7*g = -5*x + 4*g + 69611, -4*x + 55690 = 2*g. What are the prime factors of x?
2, 59
Suppose -n = 5*i - 4816 - 8536, -5*i - 5*n = -13360. List the prime factors of i.
2, 3, 5, 89
Suppose 3*z = 5*d - 51138, 0*d - z + 51154 = 5*d. List the prime factors of d.
2, 3, 5, 11, 31
Let h(w) = -w**2 - 33*w - 57. Let f be h(-29). Suppose f = -2*s + 63. List the prime factors of 3 + s + -7 + 57.
5, 11
What are the prime factors of 40/60*(-20739)/(-2) - -6?
11, 17, 37
Let m be (-1 - 5)/6 + 1/1. Let q be 17 - (-1)/5*m. Suppose 0 = 7*l - q*l + 930. List the prime factors of l.
3, 31
Let c = 1546 + 7947. What are the prime factors of c?
11, 863
Let s(v) = -3*v**3 + 2*v**2 - 31*v - 19. List the prime factors of s(-8).
3, 631
Suppose -4*s - 4*n - 40 = -2*s, -3*s = 3*n + 75. Let l = 323 - s. What are the prime factors of l?
353
Suppose -5*u - 3*k = -3*u + 6, 0 = -4*u - 4*k - 8. Suppose u*m - 2*z = -m + 509, 0 = 2*m - z - 1009. List the prime factors of m.
503
Let l = -4817 + 6839. List the prime factors of l.
2, 3, 337
Let c(z) = z**3 + 19*z**2 - 7*z + 39. Let w(b) = 2*b**2 - 4*b - 16. Let y be w(0). What are the prime factors of c(y)?
919
Let k = 40957 - 21359. What are the prime factors of k?
2, 41, 239
Let v be 2 + (2 - 0) + (-6)/(-6). Let h be v/10*-1*-4. Suppose -4*a = -h*q - 872, 2*q + 434 = 5*a - 3*a. List the prime factors of a.
3, 73
Let h = 12837 - 4139. What are the prime factors of h?
2, 4349
Let y = 4047 + -2262. Let d = y - 1198. List the prime factors of d.
587
List the prime factors of -6 + (14 - (-679)/(-14))*3208/(-6).
2, 5, 461
Suppose 1206 = 6*g - 984. Let k = g - 180. List the prime factors of k.
5, 37
Let y(l) = -60 - 49*l + 7 - 28 - 27. List the prime factors of y(-9).
3, 37
Let q(l) be the second derivative of l**5/20 - l**4/2 + 2*l**2 + 5*l. Let g be q(6). List the prime factors of ((-3)/g)/((-8)/1728).
2, 3
Let p = -22 + 46. Let v = 28 - p. Suppose 555 = z + v*z. List the prime factors of z.
3, 37
Let v(b) = -63*b + 17. Let q be v(2). Let f = q + 126. List the prime factors of f.
17
Let t = 90936 - 34926. List the prime factors of t.
2, 3, 5, 1867
Let o = 149762 + -71192. List the prime factors of o.
2, 3, 5, 97
Let v(n) = 3*n - 41. Let c be v(-12). Let l = c - 43. Let j = l + 222. List the prime factors of j.
2, 3, 17
Suppose -28*l - 3864 = 14*l. Suppose 1 = 3*i - 2*y + 4*y, 0 = -5*i - 2*y - 1. List the prime factors of 4 + 2/i - l.
2, 47
List the prime factors of ((-3624987)/(-873))/(2/6).
12457
Let a = -118 - -990. What are the prime factors of a?
2, 109
Suppose 35 - 35 = -2*n. Suppose 3*x - 3 = -n*x. Suppose 20 = 4*h - 4*f, -x = -3*h - 5*f + 22. List the prime factors of h.
2, 3
Let d(v) = 33*v + 95. Suppose 38 = y - 0*o + 2*o, 0 = -4*y + 4*o + 104. What are the prime factors of d(y)?
5, 7, 31
Suppose 4*u - 621 = -121. List the prime factors of 2012/10 + 100/u.
2, 101
Suppose -8 = -2*p, 4*s - 845*p = -844*p + 65468. What are the prime factors of s?
2, 3, 11, 31
Let i be ((-5)/15)/((-3)/36). Suppose 0*p - 6 = -i*a - p, 5*p - 13 = -3*a. Let r(f) = 7*f**2 + f. List the prime factors of r(a).
2
Let b = 844 - -5196. Suppose 0 = -5*m + 7*d - 9*d + 6061, -b = -5*m + 5*d. List the prime factors of m.
7, 173
Let t be ((-46)/1)/((-3)/(-15)). Let v = 32 + -33. What are the prime factors of t/5*(-3 - v)?
2, 23
Let s(v) = -81*v - 76 - 7 + 4 - 2. List the prime factors of s(-9).
2, 3
List the prime factors of 2 - (-60)/(-50) - 2526/(-30).
5, 17
Let w(l) = -l**3 - 78*l**2 - 369*l - 609. List the prime factors of w(-81).
3, 19, 859
Let p be (-30)/45*1212/(-2). Let u = 795 - p. List the prime factors of u.
17, 23
Let y be -2 + -2 + 0 - -4. Suppose u = -y*u - 2*w, 3*u = 5*w. Suppose 5*g + k - 405 = 56, -4*g + 5*k + 392 = u. List the prime factors of g.
3, 31
Let k(x) = 12*x + 25. Let z(i) be the first derivative of -3*i**2 - 13*i - 15. Let v(h) = 3*k(h) + 5*z(h). What are the prime factors of v(25)?
2, 5
Suppose 9625 = 4*z - q - 8880, -9240 = -2*z - 2*q. List the prime factors of z.
5, 37
Let h be 51/102 - ((-2)/4)/(-1). What are the prime factors of (h - 1 - -11)/((-8)/(-112))?
2, 5, 7
Let o = 28724 - 11500. List the prime factors of o.
2, 2153
Suppose 30*k - 76 = 26*k. Suppose -24 = k*z - 15*z. What are the prime factors of (-6)/(-4)*z/(-45)*505?
101
Suppose 4*z - 4106 = 4*b + 11294, z + 2*b - 3865 = 0. What are the prime factors of z?
3, 5, 257
Suppose -2*o + 2 = 9*v - 6*v, 4*o - v = -24. What are the prime factors of 78*(o - (-3 + -6))?
2, 3, 13
Let i(z) = -2*z - 42. Suppose 99 = -4*h + 5*l, -54 = 3*h + 2*l + l. Let v be i(h). Suppose 4*t - 358 - 362 = v. List the prime factors of t.
2, 3, 5
Suppose -16 = -4*p, 14*i = 9*i + p + 476. Suppose 11*j - i - 36 = 0. What are the prime factors of j?
2, 3
Suppose 0 = -8*g + 17 + 7. Suppose 17 + 221 = m + g*h, 3*h = -12. List the prime factors of m.
2, 5
Let g = -6714 + 32405. What are the prime factors of g?
23, 1117
Let n(b) = 315*b**2 - 15*b + 28. Let i be n(4). Suppose -166*u + 174*u = i. What are the prime factors of u?
2, 313
Suppose -2*x = 2*m - 2, x + 2*m = -0*x - 2. Let o(g) = -2. Let z(f) = f + 8. Let k(h) = 15*o(h) + 3*z(h). List the prime factors of k(x).
2, 3
Let l(j) = 17680*j - 798. List the prime factors of l(1).
2, 23, 367
Let k(r) = -30 + 545*r - 103 - 501*r - 26. What are the prime factors of k(6)?
3, 5, 7
What are the prime factors of (2716/(-12))/(26/(-156))?
2, 7, 97
Let z(n) = 3*n**2 + 2*n - 66. Let k(o) = -o**2 - o - 1. Let j(p) = -2*k(p) - z(p). Let d = -1 + 1. List the prime factors of j(d).
2, 17
Suppose 0 = 5*c - 4*j + 80 + 316, -3*c - 240 = -3*j. Let h be (-176)/10 + (-8)/20. Let b = h - c. List the prime factors of b.
2, 29
Let m(h) = 171*h + 109. What are the prime factors of m(20)?
3529
What are the prime factors of 350/(-15)*(-37791)/85?
2, 3, 7, 13, 19
Let n(t) = 2*t - 27. Let m be n(16). Suppose 1 = b + s + 2*s, m*s + 21 = 4*b. List the prime factors of (11*(-1)/b)/((-10)/400).
2, 5, 11
Let y(o) = -3*o + 22. Let u be y(7). Suppose 3 = 5*q + 3*p, -6*q - 4*p = -q + u. What are the prime factors of q?
3
Let j = -181 - -45. Let a = j + 543. List the prime factors of a.
11, 37
What are the prime factors of 58/493 + (-539338)/(-34)?
29, 547
Let c = -40 + 46. Suppose -47 + 3077 = c*t. What are the prime factors of t?
5, 101
Let w(o) = 5616*o - 305. What are the prime factors of w(1)?
47, 113
Suppose 1952*p = 1950*p + 3*x + 